*q = -0*q + 4*a + 4614, -c = -5*q + 2*a. Is q composite?
False
Let w(p) = 16487*p**2 - p + 1. Suppose 17*q - 27 = -10. Is w(q) a prime number?
True
Is (-234)/(-936) - 220262/(-8) prime?
False
Suppose -1486*a - 203988 = -1498*a. Is a a prime number?
False
Let d(u) = 311*u + 24. Let x(w) = w**3 - 4*w**2 - 15*w - 17. Let f be x(7). Is d(f) prime?
False
Is 8 + (-5364)/48*(-872)/2 composite?
False
Suppose -13*h = -8628168 + 4928954 - 8935707. Is h composite?
False
Is (-2)/(-8) + (-26173020)/(-80) a prime number?
True
Is -434881*((-6)/(-3) + (-16)/(48/9)) composite?
False
Let l = -256584 - -365447. Is l a composite number?
False
Let j(b) = -48466*b - 1971. Is j(-25) a composite number?
True
Let l = -61 - -72. Suppose -5*p + 24 = -l. Suppose -1258 = -p*r + 961. Is r composite?
False
Suppose 0 = -215*w + 180*w + 418075. Is w a composite number?
True
Suppose -5*r + 275 = -5*h, -3*h - 2*r = 2*r + 130. Is (h/(-150))/((-2)/(-38814)) a composite number?
False
Let f(z) = -4*z + 32. Let n be f(8). Suppose a = -k + 6224, n*k + 9 = -3*k. Is a prime?
False
Suppose -95 = -3*j + 8*j. Let p be (-39214)/j + (-4)/(-38). Let h = 3467 - p. Is h composite?
True
Suppose -n + 6231 + 5262 = 0. Let y = n + -7340. Is y composite?
False
Suppose -5*d + 2127 + 2138 = 0. Suppose -5*f - 9825 = -4*s, -2*s - f + 7309 = 2414. Let r = s - d. Is r a prime number?
True
Let t(b) = -12*b + 39. Let r be t(3). Suppose 622 - 16657 = -r*d. Is d composite?
True
Let q be (1 - 8)*(44/(-14) + 0). Suppose -20*w = -q*w + 3022. Is w prime?
True
Suppose 0*k + 4*k + 20 = -5*c, c = 3*k + 15. Let h(l) = l**3 + 18*l**2 - 25*l. Let j be h(-15). Suppose c*x = 3*p + x - 791, 4*p - j = x. Is p a prime number?
True
Let c(i) = 7774*i**2 + 11*i - 268. Is c(6) composite?
True
Suppose 0 = 8*s - 7*s - 3359. Suppose 2*q - 33669 = 2*g + s, 2*q = 4*g + 37018. Is q a prime number?
False
Suppose 4*f = 3*t - 14, -t - 4*t = -3*f - 5. Let l = 4574 + -3941. Is l*1/(t + 5) prime?
True
Let p(k) = -9*k**3 - 5*k**2 + 4*k - 6. Let u be p(-5). Is u*(-2)/(-16)*4 a composite number?
False
Suppose -4*l + 3*j = -0*j - 114075, -5*l = -5*j - 142600. Suppose -8*h - l = -23*h. Is h a prime number?
True
Suppose 0*d - 4854 = -5*d - 4*i, 2*i + 1956 = 2*d. Let k = d - 340. Is k a prime number?
False
Let t(d) = -9*d - 5*d**2 + 3 + 10*d**2 - 4*d**2 + 134*d**3. Is t(2) a composite number?
False
Let m(x) = 976*x**2 - 4*x + 4. Let u be m(2). Suppose 4*g = -i + 1380, -3*i - g + 229 = -u. Suppose -259 = -j + 4*d + d, 5*j = -2*d + i. Is j a prime number?
False
Let g(j) = j**3 + 10*j**2 - 14*j - 3. Let p be g(-11). Suppose -8*a + 14*a = p. Suppose -5*f + 236 = 2*u - 141, 4*f - 951 = -a*u. Is u prime?
True
Let w = 40922 - 15727. Is w composite?
True
Let t(q) = -2*q**3 - 8*q**2 - q - 1. Let r be t(-4). Suppose -3*u = 0, 0*u + 4*u + 23133 = r*h. Suppose 2*v + n = 7*v - h, 3*v = -2*n + 4637. Is v prime?
True
Let r(x) = 98*x**3 - 6*x**2 - 299*x + 2124. Is r(7) a composite number?
True
Is (-6)/21 + (4256718/14 - 140/(-14)) prime?
False
Suppose 2*i + 5*f = 126402, 4*i - 16*f = -19*f + 252832. Is i composite?
False
Let y(u) = u**3 + 7*u**2 - 10*u - 14. Let g be y(-8). Let a be 14/(-21) + ((-1670)/(-3) - 1). Suppose -r + a = g*r. Is r composite?
True
Let j be (-7 + -195628)/(-5)*(-1 + 2). Suppose j = -248*t + 259*t. Is t a prime number?
True
Suppose 2*k + 8752 = 4*k. Let a be (203/(-3) - -6)*-6. Suppose -a - k = -6*j. Is j composite?
True
Suppose -5*f = 2*o - 884, -4*o + 1968 - 178 = -f. Let y = -203 + o. Suppose 0 = -5*d + 571 + y. Is d a prime number?
True
Let r be (0 - 174009)*(15 + -16). Suppose 0 = 25*q - r - 2666. Is q a prime number?
False
Let b = 333373 + -182384. Is b prime?
True
Let n = -13553 - -36602. Suppose 8*c - n = -1473. Let i = -1336 + c. Is i composite?
False
Suppose 0 = 9*j - 7*j + 3698. Let k = 3578 + j. Suppose -k - 279 = -8*x. Is x composite?
False
Suppose 0 = 3*q - 5*w + 229, -4*q = -w - w + 282. Let t = 76 + q. Is (-4)/(t/(-1502)) - 0 a prime number?
True
Let y = 3 + -9. Let q be 3 - -2 - (-18)/y. Is 21490/(-14)*(-2)/q prime?
False
Suppose 5*v - 10 = 3*v, 0 = 5*n + 3*v + 1945. Suppose 2*k - 297 + 6468 = 5*u, 5*k - 2451 = -2*u. Let w = u + n. Is w a prime number?
False
Let h(q) = -q + 17*q**2 + 7 - q**2 + 11 - 7*q + 3*q. Is h(-8) a composite number?
True
Let h be 7*(21/(-14))/((-63)/12). Is (-1940)/15*(-3)/h a composite number?
True
Is (-2 + (-45)/(-12))/((-2)/(-22312)) a prime number?
False
Suppose -4*t + 4*d + 1349788 = 0, 4*t - 34*d = -35*d + 1349818. Is t a composite number?
False
Let b(f) = f**3 - 2*f**2 + f - 2. Let n be b(3). Suppose -6*a + n = -a. Is ((-8)/24)/(a/(-24)) - -187 composite?
False
Suppose -3*y = f - 11, -11 = 2*y - 6*y - 5*f. Suppose y*a = 4698 + 4174. Is a a prime number?
False
Suppose 5*t + b - 106 = 0, -3*t + b + 54 = 4*b. Let j(a) = 11*a - 21. Is j(t) a prime number?
False
Suppose -1368 - 7327 = -4*w + 5*m, 2205 = w + 5*m. Let g = w + -1429. Is g prime?
True
Suppose p + 923 = 3*q, -q + 313 = p - 4*p. Suppose -h = h - 5*o - 5, -5*h + 65 = 5*o. Let v = h + q. Is v a prime number?
True
Suppose 2*v + 8 = -3*o + 27, v = 2. Suppose -5*l + k + 13221 = -17490, -4*k + 30731 = o*l. Is l composite?
False
Suppose 2*s + g + 26 = 0, -5*s - 4*g - g - 75 = 0. Let m = s - -231. Suppose -4*o - m = -2*t, -t - 5*o + 98 = -o. Is t a prime number?
False
Let j(r) = 9*r**2 + 19*r + 20. Let v = -41 - -25. Let o be j(v). Let p = o + -1115. Is p prime?
False
Suppose 0 = -k - 143 - 50. Let g(n) = 48*n + 50. Let y be g(5). Let f = k + y. Is f composite?
False
Suppose -5 = 4*k - 5*k. Let q(l) = l. Let z be q(k). Suppose 3*u = 2*a + 481, -2*u + 338 = z*a - 2*a. Is u a prime number?
True
Suppose -363851 = -2*c - 2*c - 11*q, -90986 = -c + 5*q. Is c prime?
True
Is -856711*((-45)/(-14 + 5) - 6) composite?
False
Suppose -32*z + 4460 = -28*z. Let f = -2270 + z. Let j = -244 - f. Is j composite?
False
Suppose 7*o - 11*o = s - 98235, 5*o - 3*s - 122798 = 0. Is o prime?
False
Let l = -37 + 37. Suppose l = 17*t - 17614 - 21741. Is t a prime number?
False
Let j = -144 + 150. Suppose -j*k + 385 = -113. Is k a composite number?
False
Let l = -79489 + 136190. Is l a composite number?
False
Let h(a) = -a + 76. Let k be h(8). Suppose k*b - 54*b = 124054. Is b prime?
True
Let g(o) = 48*o**2 - 231*o - 581. Is g(78) composite?
False
Let u = 2781 - -597. Suppose -u = -3*y - 2*i, -5*i + 4504 = 51*y - 47*y. Is y composite?
True
Suppose -6 = b - 2, 3*g + 4*b = 8. Let n(d) = 31*d**2 + 4*d + 17. Is n(g) composite?
True
Let s(q) = 2*q + 3. Let h be s(16). Let w(g) = h*g + 13*g + 29*g + 2. Is w(3) composite?
False
Suppose -3050*n - 7044907 = -3091*n. Is n a prime number?
True
Suppose 249*j = 251*j - 4596. Suppose 0 = 2*q - 5*h - 3855, -4*q + h + j = -5367. Is q composite?
True
Suppose 124*l + 747685 - 2778929 = 0. Is l composite?
False
Let f(o) = 43*o**2 - 70*o - 844. Is f(-49) a composite number?
False
Is ((-889912)/(-16) + 7)*2 composite?
False
Suppose 0 = 2*g - 5*h + 3*h - 24, h + 42 = 4*g. Suppose 23866 + 204 = g*m. Is m a composite number?
True
Suppose 0 = 4*o + 3*o - 154. Suppose o*h - 25*h = -3573. Suppose -7*x + 4*x = -h. Is x a prime number?
True
Let w(o) = -11*o**2 + 86*o + 1961. Let n be w(-29). Suppose -3*y = 15321 + 5034. Let f = y - n. Is f a prime number?
True
Let w(n) = n + 18329. Let x be w(0). Suppose 2*s + 1 = -7*h, -5*s + 8 = -s + 4*h. Suppose -4*g + 5*b = 8*b - x, 3 = -s*b. Is g composite?
False
Suppose -15*j + 12*j + 1338 = 0. Suppose -443*k + j*k = 6999. Is k a composite number?
False
Let j = 44365 + -28976. Is j a composite number?
True
Let n = -44 - -45. Let g(k) = -394*k + 2 - n + 0 + 1070*k. Is g(1) composite?
False
Let r = -3363 - -6800. Let y = 5688 - r. Is y prime?
True
Let c(i) = i**3 - 22*i**2 - 48*i - 6. Let f be c(24). Let v(m) = 2*m + 20. Let p be v(f). Suppose -p*s + 6*s + k = -977, 496 = s - 3*k. Is s prime?
True
Suppose 0 = -4*y - 3*n + 14, y - 17 = -2*y + n. Suppose -13 = -9*b + y. Is (-5)/b*1114/(-5) a prime number?
True
Suppose 4*l = 3*h - 18, l + 0 = -3. Suppose 0 = -h*c + m - 10, -m - 1 = 3*c + 4. Is 2*(483/6 + -3 + c) a composite number?
False
Let p = 305204 - 114997. Is p composite?
False
Suppose 0 = 2*g - 5*l - 996377, -2*g - 4*l + 409155 = -587195. Is g a prime number?
True
Suppose -8*x - 3*x = 11. Let p(v) = -129